232233221
In base 15, what is 2 + 14939d?
1493a0
In base 5, what is -10000 + 33342?
23342
In base 10, what is -2 + -16808791?
-16808793
In base 13, what is 1 - -576cba?
576cbb
In base 11, what is 18a75678 + -11?
18a75667
In base 15, what is -107c1d0 + 2?
-107c1cd
In base 14, what is 186c65 - 111?
186b54
In base 8, what is 5262721034 + -4?
5262721030
In base 11, what is -2950a65 - -3?
-2950a62
In base 5, what is 42404230 + -13?
42404212
In base 15, what is -cc2 - -a7c?
-245
In base 12, what is 2b7 + 40071b?
400a16
In base 11, what is -141 + 36a1?
3560
In base 6, what is 4 + 30434133045?
30434133053
In base 15, what is -2681e + 133?
-266db
In base 2, what is -1000101000 - -10101011111?
1100110111
In base 12, what is -a726 - 1bb4?
-1071a
In base 13, what is 25095 + 110?
251a5
In base 16, what is 171ac5 + 0?
171ac5
In base 12, what is -9 - 306004?
-306011
In base 7, what is -16 - -1230013?
1226664
In base 10, what is -145281 + 123?
-145158
In base 4, what is 3013203122 - 11?
3013203111
In base 4, what is -21 + -3131122312?
-3131122333
In base 5, what is 144421 + 22021?
221442
In base 16, what is -a369 - 4e9?
-a852
In base 9, what is 452313 + 261?
452574
In base 8, what is -46506701 + 0?
-46506701
In base 10, what is -592664 + 2475?
-590189
In base 10, what is 3 + -1539111?
-1539108
In base 15, what is 5 + 8a2946?
8a294b
In base 3, what is -100 + -20210200002?
-20210200102
In base 12, what is -3906472 + -3?
-3906475
In base 2, what is -10101 - -1000100011000001?
1000100010101100
In base 2, what is -11000011001111001101 - -101010101?
-11000011001001111000
In base 7, what is 102 - -26125031?
26125133
In base 4, what is 13 + 12222332302?
12222332321
In base 5, what is -21212202342 - -1?
-21212202341
In base 12, what is 15ba270 - -1?
15ba271
In base 16, what is -271191 + -3b?
-2711cc
In base 16, what is bc88 - 7c69?
401f
In base 2, what is 11 - -101000010100010100010011001?
101000010100010100010011100
In base 10, what is 7 + -4248665?
-4248658
In base 13, what is -92347c - -12?
-92346a
In base 15, what is 0 - -29d2db9?
29d2db9
In base 15, what is -819c - 17e?
-832b
In base 12, what is -1a + 1237b770?
1237b752
In base 9, what is -104811 - 6422?
-112333
In base 12, what is -1b44 + 17b1?
-353
In base 5, what is -120104342103 - 10?
-120104342113
In base 7, what is 45443000 - -22?
45443022
In base 15, what is -a + 1450a1?
145096
In base 10, what is -3 + -97663082?
-97663085
In base 7, what is 42364 - 344?
42020
In base 12, what is -8 + a684b0b?
a684b03
In base 13, what is -2a6682 + -216?
-2a6898
In base 10, what is -33 - 933854?
-933887
In base 4, what is -11 - 1213332230?
-1213332301
In base 11, what is -79249 - 0?
-79249
In base 8, what is 0 - 24550303?
-24550303
In base 6, what is 503050300 + -2?
503050254
In base 8, what is 600721 + 10?
600731
In base 12, what is -a3 - 11038?
-1111b
In base 14, what is -5d - 7c87d3?
-7c8852
In base 15, what is -1388 + -55?
-13dd
In base 7, what is 5230326400 + 3?
5230326403
In base 4, what is 1113 - -121030323110?
121030330223
In base 9, what is -75287008 - 0?
-75287008
In base 3, what is -112121221102101122 - -11?
-112121221102101111
In base 13, what is 54cb6 - 33?
54c83
In base 14, what is 28c + 7c84?
8132
In base 15, what is 2a - -3a?
65
In base 7, what is 1244341 - 4061?
1240250
In base 9, what is -311061243 - -4?
-311061238
In base 14, what is -1520b + 4718?
-108d3
In base 4, what is -20301313332 + 322?
-20301313010
In base 15, what is 11a + 35636?
35751
In base 10, what is -756 + -10680?
-11436
In base 5, what is -110110 - -244243?
134133
In base 16, what is -67ff + 11?
-67ee
In base 5, what is 433233 + 24243?
1013031
In base 9, what is 2483671 + 404?
2484175
In base 5, what is 13441223 + -1402?
13434321
In base 11, what is 83473 + 1818?
85190
In base 14, what is 34415 - -2032?
36447
In base 11, what is -106325 - -31?
-1062a4
In base 15, what is cc5da - c7?
cc513
In base 8, what is -7 + 7533431?
7533422
In base 13, what is -5c80 - -17?
-5c66
In base 8, what is 1361 - 21432?
-20051
In base 3, what is 102100210211101022 + -2?
102100210211101020
In base 9, what is -3 + -22256473?
-22256476
In base 13, what is 17 - -52870?
52887
In base 12, what is 860 + -4447?
-37a7
In base 6, what is 0 - -311054330?
311054330
In base 15, what is c + 327b2?
327be
In base 16, what is -816bb81 + -5?
-816bb86
In base 8, what is -375467602 + -4?
-375467606
In base 4, what is -21 + 1001331232?
1001331211
In base 14, what is 312 + -545b?
-5149
In base 9, what is -132617854 - -4?
-132617850
In base 16, what is -2b - 71b26?
-71b51
In base 14, what is 4 + 13db88b3?
13db88b7
In base 13, what is -1952 + -5c37?
-7889
In base 7, what is -4562 + -12344?
-20236
In base 13, what is -7497c251 + -1?
-7497c252
In base 13, what is -725c - -4c?
-7210
In base 6, what is 1225 + -310121?
-304452
In base 3, what is -1122000212111010 + -11?
-1122000212111021
In base 2, what is -101 + -10110110111010110011101101?
-10110110111010110011110010
In base 8, what is 5621076 + 537?
5621635
In base 7, what is -250441 + 5246?
-242162
In base 10, what is 913 + -26630?
-25717
In base 7, what is 3 + -1364064263?
-1364064260
In base 16, what is 8523 - 34?
84ef
In base 2, what is 0 - 11101111010100110000010?
-11101111010100110000010
In base 7, what is 2111606 + 24?
2111633
In base 3, what is 2102001010201211 - 122?
2102001010201012
In base 10, what is -100631 + -12971?
-113602
In base 14, what is 0 + -d329a2?
-d329a2
In base 6, what is 2 - -104545103?
104545105
In base 14, what is -5 + -21454dda?
-21455001
In base 8, what is -2206600 - 415?
-2207215
In base 4, what is -12003310300 + -11?
-12003310311
In base 7, what is 343606 - 1154?
342422
In base 3, what is 20 - -110221201102?
110221201122
In base 6, what is 5 - 130323205?
-130323200
In base 5, what is 11033414214 + -4?
11033414210
In base 11, what is 857 - 64a27?
-64180
In base 3, what is 11022211 + -1012100201?
-1001000220
In base 2, what is 1 + 11110011000110100110101101?
11110011000110100110101110
In base 9, what is -126 + 7318882?
7318755
In base 2, what is -1 - 1000100111110101110011?
-1000100111110101110100
In base 2, what is -1010101100000 + -111101001101?
-10010010101101
In base 12, what is 1981 + 334?
20b5
In base 6, what is -212 - 2300200?
-2300412
In base 13, what is 38705a - -12?
38706c
In base 6, what is -33242041 - 11?
-33242052
In base 9, what is -12061 - 18?
-12080
In base 5, what is -1424 + -324100233?
-324102212
In base 16, what is aa6 - -633d?
6de3
In base 2, what is -100000011110101010110 - -100001?
-100000011110100110101
In base 12, what is 32 - 39129?
-390b7
In base 5, what is 3 - -23010224?
23010232
In base 10, what is 318 + -191969?
-191651
In base 14, what is 8d6 + -1239?
-743
In base 15, what is -3c77 - 35?
-3cac
In base 2, what is -11001100000111001110 - -11100?
-11001100000110110010
In base 7, what is -20201 - -121?
-20050
In base 5, what is -122224 + -142023?
-314302
In base 9, what is 3631 + -525778?
-522147
In base 8, what is 107730 + 63505?
173435
In base 12, what is a156 - 477?
989b
In base 15, what is -db4de7 - 3?
-db4dea
In base 8, what is -346064 + -561?
-346645
In base 5, what is -224443 - -331114?
101121
In base 10, what is -3 + 2569170?
2569167
In base 8, what is 3336 - -10?
3346
In base 11, what is 14445332 + -2?
14445330
In base 5, what is 0 + -310440132?
-310440132
In base 6, what is -1211134205 - -5?
-1211134200
In base 13, what is -348 + c499?
c151
In base 12, what is -1792b5 + -42?
-179337
In base 13, what is -2 - -364bc95?
364bc93
In base 5, what is 33 - 4142322?
-4142234
In base 8, what is 64034404 + 5?
64034411
In base 5, what is -1002203 - 33?
-1002241
In base 15, what is 218e - -bad?
2d4c
In base 2, what is -10101010001100100011101 + 101?
-10101010001100100011000
In base 3, what is -10110000121222 + -20?
-10110000122012
In base 3, what is -20 + 12000002222001?
12000002221211
In base 16, what is bb07 - -79b?
c2a2
In base 13, what is -bc + -993147?
-993236
In base 15, what is 8a73a - 209?
8a531
In base 14, what is -1 + -25da53?
-25da54
In base 2, what is -11001011011 + -10010111000100001?
-10011010001111100
In base 16, what is -547 - 20a90?
-20fd7
In base 11, what is 40929 - -49?
40977
In base 10, what is -18208329 + -51?
-18208380
In base 8, what is 4045630 + 156?
4046